w) = -w**2 - 8*w - 5. Let p be m(-7). Suppose 7*c - p = 6*c. List the prime factors of y(c).
3
Let p be (-8)/(-40) - ((-1318)/10 - -1). Let x = p - 109. What are the prime factors of x?
2, 11
Let n = 18 + -18. Suppose 0*r + 4*z = -3*r + 122, n = 4*r - z - 131. List the prime factors of r.
2, 17
Let d be (-18 + 21)/(0 - -1). Suppose -5*q - m + 1 = 3*m, 5*q + d*m = -3. What are the prime factors of 1/q + 390/9?
43
Let r(u) = -u**3 + 10*u**2 + 2. Let n be r(10). Let y(h) = -h**2 + 2*h - 3. Let q be y(n). List the prime factors of 2/(q*(-4)/42).
7
Let j = 88 + -88. List the prime factors of (4 + -3)*(j + -1)*-173.
173
Let t(y) = -102*y**3 - 2*y - 3. List the prime factors of t(-1).
101
Suppose -183*x + 6400 = -167*x. List the prime factors of x.
2, 5
Suppose -62*h - 1866 = -65*h. List the prime factors of h.
2, 311
Suppose -7*y + 25 = -2*y. Suppose -3*j = 3*w - 177, 3*j = -y*w - 0*j + 299. List the prime factors of w.
61
List the prime factors of 34/(-119) + (-11293)/(-7).
1613
Let i = 1006 - -715. What are the prime factors of i?
1721
Let d(c) = -200*c + 299. What are the prime factors of d(-9)?
2099
Let b be 4067/42 + (-3)/(-18). Suppose -2*v + b = 29. List the prime factors of v.
2, 17
Let p(u) = u**3 - 3*u**2 + u + 2. Let j be p(3). Suppose 10*n + 197 = 4*r + j*n, -5*n = 5. What are the prime factors of r?
2, 3
Suppose 0 = 5*f - 25, f - 9 = -2*a - 0*f. Suppose -2*j = 5*r - 136, 7*j - a*j - 67 = -2*r. What are the prime factors of r?
2, 13
Let g be (24/(-15) - -2)/(4/2900). Suppose -g = 4*w - 9*w. List the prime factors of w.
2, 29
Suppose 2*p - 5*b = 6 + 33, -3*p + 41 = -4*b. Let u(z) = z**2 - z - 1. Let k(r) = -3*r**2 + 7*r - 8. Let c(n) = -k(n) - 2*u(n). List the prime factors of c(p).
2, 3
Let c(g) = g**3 - 9*g**2 - 36*g + 2. List the prime factors of c(13).
2, 3, 5, 7
Let b(m) = -2*m - 13. Let l be b(-5). What are the prime factors of 68 + l/(-2)*(6 + -8)?
5, 13
What are the prime factors of (0 - -3)*15988/42?
2, 571
What are the prime factors of ((-1)/(-5))/(36/158580)?
881
Let n = -16 - -20. Suppose 2*g = -3*o - 12, n*g + 7*o = 2*o - 20. Suppose 4*u = 4*m - g*m - 80, 4*u + 98 = 5*m. List the prime factors of m.
2, 3
List the prime factors of (-28917)/(-126)*(7 + -1).
3, 17
Suppose 1 = -3*s + 37. Suppose 9*n = s*n - 162. What are the prime factors of n?
2, 3
Suppose 4*w - 11120 = -2*d, -d = -3*w + 4*d + 8327. What are the prime factors of w?
7, 397
Let b(u) be the third derivative of 3*u**4/8 - 2*u**3 + 51*u**2. What are the prime factors of b(13)?
3, 5, 7
Let d be 128/(-22) - (-2)/(-11). Let c = -4 - d. List the prime factors of -2 + c + 8 + -1.
7
Suppose 0 = 10*p - 6*p. Suppose p = 2*a + 2. Let l(y) = -53*y. List the prime factors of l(a).
53
Let f be ((-1)/2)/((-12)/24) - -422. Suppose 0 = 3*g - 0*g + 5*k - 587, -2*g + 3*k = -f. What are the prime factors of g?
2, 3, 17
List the prime factors of 9/1 - (-2 - 1896).
1907
Let k = 859 + -387. What are the prime factors of k?
2, 59
Suppose 0*o = -o + 5*o. Suppose o = 2*z - 88 - 36. List the prime factors of z.
2, 31
Let b be (1 - -23)*(-3)/(-2). Suppose 34*o - b = 31*o. List the prime factors of o.
2, 3
Let y(m) = m**3 + 4*m**2 - 19*m + 6. Let x be y(-8). Let p = 184 + x. List the prime factors of p.
2, 43
List the prime factors of (-5)/(-4) + 266925/60 + -4.
2, 3, 13, 19
Let m(v) = -v**3 - 5*v**2 - 3. Let h be m(-4). Let z be h*(0 - 3)/3. Suppose -3*i - q = i - 61, i + 4*q = z. List the prime factors of i.
3, 5
List the prime factors of 2298*((-3)/9)/(11/(-22)).
2, 383
List the prime factors of (-3)/((-9)/(-8 - -4445)).
3, 17, 29
Let m(g) = g**3 + 5*g**2 - g + 4. Let j be (-8)/(-5) - (-4)/10. Suppose j*y + 1 = s - 9, 4*y - 5*s = -20. What are the prime factors of m(y)?
3
Let n be (-3)/(9/(-254))*(-45)/(-30). Suppose -2*y - 3*u = -u - 148, -2*y + 5*u = -n. List the prime factors of y.
71
Let c(s) = -s**3 - 14*s**2 + 12*s - 34. Let d be c(-15). What are the prime factors of ((-4)/5)/(d/(-1650))?
2, 3, 5
What are the prime factors of (-30348)/(-39) - (-46)/(-299)?
2, 389
Let h(i) = i**3 + 4*i**2 + 2*i + 3. Let g be h(-3). Let k(x) = x**3 - 6*x**2 + 4*x - 9. List the prime factors of k(g).
3, 5
Let d(f) = 3*f**2 - 2*f - 1. Let i = -4 + 7. Let n be d(i). Let w = n - 1. List the prime factors of w.
19
Suppose 0 = -5*a - 5*w + 720, -14*w + 9*w - 690 = -5*a. List the prime factors of a.
3, 47
Let o = 16 + 4. Let r(n) = 82*n - 731. Let x be r(9). Suppose 2*t - x*t = -o. List the prime factors of t.
2
Let t(f) be the second derivative of -207*f**5/20 + f**4/12 - f**3/6 - f**2/2 + 7*f. What are the prime factors of t(-1)?
2, 13
Suppose -2*w = -0*w + 4*p + 106, 0 = 5*w - p + 309. Let d = 66 + w. What are the prime factors of d?
5
Let k = 104 + -65. Suppose -363 - k = -2*w. What are the prime factors of w?
3, 67
Let p(o) = o**3 + 18*o**2 + 12*o + 28. What are the prime factors of p(-7)?
3, 7, 23
Suppose -3*w = -m + 4*m - 27, 4*m - 16 = 0. Let k(d) = d**2 + w*d - 9 - 4*d - 5 + d**2. What are the prime factors of k(6)?
2
Suppose 5*j - 25 = -2*l, 2*j + 0*l - 10 = -4*l. Suppose 0*w = 4*i - w + 26, 5*w + 20 = -j*i. Let u = i + 16. List the prime factors of u.
2, 5
Let h(i) = i**2 - 5*i - 8. Let c be h(-6). Suppose -410 + c = -4*u. Suppose -30 = -2*l + u. List the prime factors of l.
59
Suppose l = -2*g + 3, 4*g + 5*l = g + 22. Let h be (12 - 5) + (-3)/g. What are the prime factors of 10/4*(-4 + h)?
3, 5
Suppose -5*h - 2*b = 2*b - 2716, 0 = 2*b + 2. List the prime factors of h.
2, 17
Suppose 4*g = -g + 535. Suppose -4*m + f = -111, -5*m + g = -2*m + 4*f. Suppose d + 2 - 1 = 0, d + m = 4*w. List the prime factors of w.
7
Let u = -15 + 35. Suppose 0 = 2*v + 5*i - 56 + 16, -3*i + 48 = 2*v. Let b = v - u. List the prime factors of b.
2, 5
Suppose 5*y + 94 = a, 8 = 2*a + 5*y - 120. What are the prime factors of a?
2, 37
Suppose 0*s - 2*s + 14 = 0. Suppose a - 28 = -s. Let p = a - -32. List the prime factors of p.
53
Let w = -9 - -12. Suppose -4*k = -4*t - 4, k - 3*k = -w*t. Suppose k*l - 96 = 54. What are the prime factors of l?
2, 5
Let i(d) be the first derivative of 63*d**2/2 - 3*d - 24. What are the prime factors of i(2)?
3, 41
Suppose 726 - 108 = 6*b. Suppose 5*g = 2*y + 620, b = 3*g + 5*y - 238. List the prime factors of g.
2, 61
Let o(d) = -d**2 - 9*d - 12. Let j be o(-8). What are the prime factors of (46*6/j)/((-15)/10)?
2, 23
Suppose -5*n - 2*u - 2*u = 15, 2*u + 13 = 3*n. Let z be -1*n/((-2)/200). Suppose -5*y - 25 = -z. List the prime factors of y.
3, 5
Let b(a) = -2*a**2 + a + 7. Let x(r) = -r**2 + 1. Let y(c) = b(c) - 6*x(c). Let i = -62 + 59. List the prime factors of y(i).
2, 17
Let u(s) = s + 5. Let g be u(7). Let h(i) = 9*i - i**2 - 4 + g + 0*i**2 + 2. List the prime factors of h(9).
2, 5
Suppose p - 53 = 82. Let z = 9 - 4. Suppose 0*r - 5*r + z*h = -p, 8 = -4*h. What are the prime factors of r?
5
Let c = -108 + 112. Suppose 8*l = c*l + 2*r + 14, -15 = -5*l + 3*r. What are the prime factors of l?
2, 3
Suppose 2*a + 65 = 671. What are the prime factors of a?
3, 101
Let v = 22 - -12. Suppose -5*g = -3*g + v. Let i = g - -61. List the prime factors of i.
2, 11
Let n be (-5 - (4 + -7)) + 72. Suppose -3*q + 10*q = n. What are the prime factors of q?
2, 5
Suppose -5*u - 2*n + 47 = -18, 5*u = 4*n + 95. List the prime factors of u*(3 + 15/9).
2, 5, 7
Suppose -5*n = -6*n - 4*j + 12, 5*n - 4*j = -60. Let d be 0/(1 - 2) - 42. List the prime factors of n/(-2) - 0 - d.
2, 23
Let m be -1*((-3)/3 + 0). Suppose -12 = -i + 3*i + 5*h, h - m = 3*i. List the prime factors of (i + 0)*(-7 + -1).
2
List the prime factors of ((-400)/(-80))/(2/176).
2, 5, 11
Suppose -o - p + 3*p = -5, 4*o + 5*p = 59. Suppose o*c - 13*c = -224. List the prime factors of c.
2, 7
Suppose -13*c - 27 - 103 = 0. List the prime factors of 52 + (5/c - (-5)/(-2)).
7
Let u = 265 + -441. Let l = u - -296. What are the prime factors of l?
2, 3, 5
Suppose -5*r - 373 = -88. Let y = r + 119. What are the prime factors of y?
2, 31
List the prime factors of 9303/14 - (-1)/(-2).
2, 83
Let a = -33 - -9. Let n(z) = -z**3 - 23*z**2 + 23*z - 22. What are the prime factors of n(a)?
2
Suppose -5*f = -5*o + 35, -3*o - 4*f + 21 = -0*f. Suppose 40 = k + o*k. Suppose q - 3*q - k*g = -74, 2*g - 80 = -2*q. List the prime factors of q.
2, 3, 7
Let n(y) be the thi